ite number?
False
Is 1374601601 composite?
True
Is 14876808533 a prime number?
False
Is 24671806777 a composite number?
False
Is 4453437977 a composite number?
False
Is 3828125711 a composite number?
True
Is 16573861091 composite?
False
Is 27208090061 composite?
True
Is 17992488209 a prime number?
True
Is 24078029321 a composite number?
True
Is 1204451579 prime?
False
Is 158587688191 a prime number?
True
Is 17645491849 prime?
True
Is 13519099739 a prime number?
True
Is 615078739 prime?
False
Is 15900740533 composite?
False
Is 20502095095 a prime number?
False
Is 27234778027 composite?
False
Is 2740900801 composite?
False
Is 5722837673 prime?
False
Is 59442457133 a prime number?
False
Is 398634905 a prime number?
False
Is 69006820789 composite?
False
Is 3560687573 a composite number?
False
Is 2706994787 prime?
False
Is 500478521 composite?
True
Is 1601050727 prime?
False
Is 66058998373 a composite number?
False
Is 37149523627 prime?
True
Is 483205103 composite?
True
Is 12588011581 a composite number?
False
Is 325568203 a prime number?
True
Is 5102083487 prime?
True
Is 937967743 prime?
True
Is 1571189927 a composite number?
True
Is 57499978343 composite?
False
Is 4214989423 a composite number?
False
Is 284828879 a composite number?
True
Is 876880483 a composite number?
True
Is 9783925427 a composite number?
False
Is 17828337251 a composite number?
False
Is 28111272251 a prime number?
True
Is 68257123321 a prime number?
True
Is 73594456049 a composite number?
False
Is 33760319041 prime?
False
Is 14603890979 composite?
True
Is 6540773821 prime?
True
Is 1772378567 prime?
False
Is 2834575793 a composite number?
True
Is 91990663 a prime number?
False
Is 3430249 prime?
True
Is 12483737287 a prime number?
False
Is 3121984637 prime?
True
Is 3255698447 a composite number?
False
Is 1614455305 prime?
False
Is 4867736639 prime?
True
Is 3116569249 a prime number?
True
Is 1398524467 composite?
True
Is 758244481 composite?
False
Is 385434823 a composite number?
False
Is 123879523 a prime number?
True
Is 165872807 prime?
True
Is 57583680257 a composite number?
True
Is 2651375533 a composite number?
True
Is 27267202733 a prime number?
True
Is 3049851121 composite?
False
Is 1614548521 composite?
True
Is 311613469 composite?
False
Is 93029524547 composite?
True
Is 270282119 a prime number?
True
Is 1046495455 a prime number?
False
Is 6723418289 composite?
True
Is 4152737873 composite?
True
Is 13811622691 a composite number?
False
Is 202986257 prime?
True
Is 7467529061 a prime number?
False
Is 9378433189 a prime number?
True
Is 1219958083 composite?
False
Is 83620789121 composite?
True
Is 114624454057 a composite number?
True
Is 121635066221 composite?
False
Is 1469527737 prime?
False
Is 6476060119 composite?
True
Is 53150477 a prime number?
True
Is 444668423 prime?
True
Is 874939503 a prime number?
False
Is 99123529 composite?
True
Is 2627977331 a prime number?
False
Is 85723289 prime?
True
Is 1394516131 composite?
False
Is 4906979309 composite?
False
Is 4789965539 a prime number?
True
Is 14502641417 a prime number?
False
Is 2754367171 prime?
False
Is 57443855957 a prime number?
False
Is 56755254197 composite?
False
Is 139465040369 composite?
False
Is 4222164413 a prime number?
False
Is 3501695827 prime?
False
Is 17605946651 a prime number?
True
Is 50586683633 a prime number?
False
Is 2001315873 composite?
True
Is 651120541 a composite number?
True
Is 2615548717 prime?
True
Is 1961027323 a composite number?
False
Is 2724034039 prime?
True
Is 343629019 a composite number?
False
Is 12902031347 a prime number?
False
Is 6547105163 a composite number?
True
Is 2500925849 a composite number?
False
Is 400646723 a prime number?
True
Is 1949979791 a prime number?
True
Is 13227963013 composite?
False
Is 4158111877 prime?
True
Is 5179883653 a composite number?
True
Is 7798812421 a composite number?
False
Is 29300345579 a composite number?
True
Is 34933537343 prime?
True
Is 456769879 composite?
True
Is 10538014033 prime?
False
Is 3118942591 prime?
False
Is 64024648405 a prime number?
False
Is 179948551407 composite?
True
Is 20293247467 a prime number?
False
Is 34673466721 a composite number?
True
Is 338438025287 a composite number?
True
Is 10231686097 a prime number?
True
Is 24549764507 a composite number?
False
Is 172998656119 a composite number?
True
Is 881636297 a composite number?
False
Is 2863596757 prime?
False
Is 4995920926 a prime number?
False
Is 9027233009 a prime number?
True
Is 6311576171 a prime number?
True
Is 17236644911 composite?
False
Is 1229075017 a prime number?
True
Is 1987460897 a prime number?
False
Is 22703084513 a prime number?
False
Is 543433945 a composite number?
True
Is 16300335803 a composite number?
True
Is 15656739097 a prime number?
True
Is 750768583 composite?
False
Is 116913499 a composite number?
True
Is 1022679923 a prime number?
False
Is 482745973 composite?
True
Is 974883153 a prime number?
False
Is 1043234671 a prime number?
False
Is 20686880023 composite?
True
Is 12784741481 composite?
True
Is 11977660286 a prime number?
False
Is 263858137 composite?
True
Is 33410316017 a prime number?
False
Is 5459262049 prime?
True
Is 9227889481 a composite number?
False
Is 8971681963 a prime number?
True
Is 10733381831 a prime number?
False
Is 428707453 prime?
True
Is 27313429853 composite?
False
Is 11170213849 prime?
False
Is 5491620229 a prime number?
True
Is 51637696723 a prime number?
True
Is 779078593 a prime number?
True
Is 18587541697 prime?
False
Is 8518291027 composite?
False
Is 850000763 a prime number?
True
Is 58953131 composite?
False
Is 10751951759 a prime number?
True
Is 7194347411 a composite number?
False
Is 33122755121 composite?
False
Is 448752907 prime?
False
Is 132672990049 a prime number?
True
Is 225772133 composite?
False
Is 601473019 prime?
False
Is 8897136706 a composite number?
True
Is 10311931463 composite?
True
Is 24118267207 a prime number?
True
Is 12944128181 a composite number?
True
Is 135268667549 composite?
True
Is 7304959337 a composite number?
True
Is 4923684721 prime?
False
Is 185143979 a composite number?
True
Is 1993676723 a composite number?
True
Is 634296307 a prime number?
True
Is 1077925639 composite?
True
Is 1066105993 prime?
True
Is 99715910429 prime?
True
Is 1702011659 composite?
True
Is 1454687387 prime?
False
Is 277190166115 a composite number?
True
Is 8139578673 prime?
False
Is 757307113 a composite number?
False
Is 282250147895 a prime number?
False
Is 11122794743 a prime number?
True
Is 595961959 a composite number?
False
Is 4411520569 composite?
True
Is 49420361 composite?
False
Is 2359254829 composite?
True
Is 2786212609 composite?
False
Is 115840012903 a composite number?
False
Is 11203293167 prime?
False
Is 370659073 a prime number?
False
Is 124006951 a composite number?
False
Is 471283199 composite?
False
Is 12981080329 prime?
False
Is 10745587 composite?
False
Is 105550741 a composite number?
False
Is 2520228259 prime?
False
Is 2534983303 a composite number?
True
Is 751365989 composite?
True
Is 67772152909 a composite number?
True
Is 231333649 prime?
True
Is 4020307979 a composite number?
False
Is 101427469211 prime?
False
Is 67886405791 a prime number?
True
Is 1013318767 a composite number?
True
Is 147157697 prime?
True
Is 12897284217 prime?
False
Is 975422639 composite?
False
Is 3204790079 a composite number?
False
Is 136973991041 a prime number?
True
Is 81664091147 composite?
True
Is 107314871 prime?
True
Is 3900100829 prime?
False
Is 4113264083 a composite number?
False
Is 22572164711 a composite number?
True
Is 5032471097 composite?
False
Is 3550290259 a composite number?
False
Is 275098261 prime?
True
Is 8424422117 composite?
False
Is 78252034351 prime?
False
Is 5734494659 composite?
False
Is 363658531 a composite number?
True
Is 3273411301 a composite number?
False
Is 4336303351 prime?
True
Is 2635556293 prime?
True
Is 13422323017 composite?
True
Is 3326247469 a prime number?
True
Is 40525077277 prime?
True
Is 47003740517 prime?
False
Is 1296882397 a composite number?
False
Is 1258622245 a prime number?
False
Is 33148957609 composite?
True
Is 313279457 a prime number?
False
Is 25716352741 a prime number?
True
Is 252144163 prime?
False
Is 1252887761 a composite number?
False
Is 16547887